03
In base 14, what is 2 - 151b?
-1519
In base 15, what is 5 + -255?
-250
In base 7, what is -12602 + 2?
-12600
In base 5, what is 10 - -132?
142
In base 3, what is -1200122 - 10?
-1200202
In base 2, what is 10001101 + 111?
10010100
In base 7, what is -1166 - 4?
-1203
In base 15, what is -48 + 5?
-43
In base 3, what is 2220122210 - 11?
2220122122
In base 15, what is 30c + -a?
302
In base 16, what is -5 + 27?
22
In base 16, what is -2 + -985?
-987
In base 15, what is -364 - 2?
-366
In base 2, what is 110 - 10001?
-1011
In base 8, what is -5 + -402?
-407
In base 2, what is 11001010 - 10?
11001000
In base 5, what is 1 + 3334?
3340
In base 3, what is -21 - 2112?
-2210
In base 12, what is 4bb + -b?
4b0
In base 10, what is 4 + 1916?
1920
In base 6, what is -115013 + -2?
-115015
In base 14, what is 1 + 1158?
1159
In base 16, what is -23 + -12?
-35
In base 3, what is 10021001 + -2?
10020222
In base 4, what is 23 + 32?
121
In base 5, what is -4 + 1341?
1332
In base 3, what is -1202022 + 12?
-1202010
In base 4, what is -3012 + -2?
-3020
In base 6, what is 3240 - 13?
3223
In base 12, what is 4 - 4378?
-4374
In base 9, what is -4 + -466?
-471
In base 10, what is 249 - 1?
248
In base 7, what is 304 + 25?
332
In base 14, what is -6 - 7a?
-82
In base 15, what is 44 - 3a?
9
In base 3, what is -101102 - 10?
-101112
In base 9, what is 108 - -5?
114
In base 10, what is 72 + -18?
54
In base 7, what is -2 - -132?
130
In base 12, what is 19a + -2?
198
In base 8, what is 171352 - 5?
171345
In base 7, what is 0 - -223?
223
In base 13, what is 8 - 176?
-16b
In base 4, what is 3 - 2300?
-2231
In base 2, what is -1010 - 1010?
-10100
In base 13, what is 6 - -55?
5b
In base 11, what is 13 + -49?
-36
In base 13, what is -2 - 2?
-4
In base 10, what is -2 - 1?
-3
In base 9, what is 6 + 22?
28
In base 3, what is -101 + -102121?
-102222
In base 10, what is -2 - -699?
697
In base 10, what is 105 - 8?
97
In base 13, what is -162 + -4?
-166
In base 14, what is -2 + 16?
14
In base 2, what is -1 - 1010010?
-1010011
In base 12, what is 1b + 393?
3b2
In base 4, what is -1 + 1130?
1123
In base 15, what is -11d + -1d?
-13b
In base 14, what is -1c + -6a?
-88
In base 16, what is -6a - 0?
-6a
In base 11, what is 0 + 10?
10
In base 7, what is 241 - 40?
201
In base 4, what is -23 + -132?
-221
In base 12, what is 0 - -246?
246
In base 16, what is -101 - 4?
-105
In base 2, what is -10000 + -10011101010?
-10011111010
In base 16, what is -11 - 134?
-145
In base 8, what is -3271 - 5?
-3276
In base 6, what is -4 - -10054?
10050
In base 3, what is 11 + -122?
-111
In base 14, what is -22 + 101?
bd
In base 4, what is 200102 + 1?
200103
In base 12, what is 581 + -1?
580
In base 2, what is 100 - -10001001000?
10001001100
In base 14, what is -5 + c?
7
In base 7, what is -60 - 6?
-66
In base 6, what is -33 - -412?
335
In base 5, what is 1 - -40?
41
In base 3, what is -21211 - 211?
-22122
In base 3, what is -1 - -112022?
112021
In base 8, what is -1 + -10?
-11
In base 6, what is -4 - 1555?
-2003
In base 14, what is 0 - -972?
972
In base 3, what is 21 - 111011?
-110220
In base 12, what is 0 + -779?
-779
In base 10, what is -13 - 69?
-82
In base 2, what is -100110 + 1101001?
1000011
In base 10, what is 14 - 15?
-1
In base 12, what is 49 + -14?
35
In base 9, what is 74 + 84?
168
In base 9, what is -2 + -124?
-126
In base 10, what is 427 + 2?
429
In base 2, what is 101 + 1000101?
1001010
In base 2, what is -10 - 1000010?
-1000100
In base 6, what is -10002 + -2?
-10004
In base 6, what is -3200 + 1?
-3155
In base 12, what is 3a73 + -2?
3a71
In base 15, what is 13 - -1d?
31
In base 14, what is -da2 - 6?
-da8
In base 10, what is 576 - -35?
611
In base 12, what is 3 - -4a?
51
In base 6, what is -10421 + 2?
-10415
In base 10, what is 3 + 76?
79
In base 7, what is -22 + -32?
-54
In base 13, what is 2 - 2718?
-2716
In base 16, what is 5 - -2a?
2f
In base 9, what is -14 - -15?
1
In base 6, what is 4 + 544?
552
In base 9, what is 0 + 34?
34
In base 7, what is -31 + 221?
160
In base 3, what is -100011 - -12?
-22222
In base 10, what is 5 + 76?
81
In base 7, what is 2 + -6031?
-6026
In base 11, what is 4144 + 2?
4146
In base 8, what is 5 - -26?
33
In base 11, what is 0 + 1836?
1836
In base 15, what is 1b79 - 0?
1b79
In base 10, what is 1 + -131?
-130
In base 16, what is 5 + 310?
315
In base 10, what is -76 - 3?
-79
In base 10, what is -5 - -294?
289
In base 15, what is 27 - -a?
32
In base 9, what is 565 - 12?
553
In base 2, what is -1 - -10001000010?
10001000001
In base 13, what is 292 + -4?
28b
In base 2, what is -10100 + 11010100?
11000000
In base 4, what is -2012 + 10?
-2002
In base 5, what is 210 + 0?
210
In base 14, what is -52 + -5?
-57
In base 16, what is -20 + -7?
-27
In base 10, what is 0 - 469?
-469
In base 10, what is 113 - -12?
125
In base 8, what is -3 + -37?
-42
In base 6, what is 11014 + 12?
11030
In base 11, what is -3 - -3375?
3372
In base 6, what is -40 - -32?
-4
In base 7, what is -1032 + -4?
-1036
In base 13, what is 4 - 6?
-2
In base 4, what is -113301 - 1?
-113302
In base 8, what is -2 + 1445?
1443
In base 4, what is 112302 + -10?
112232
In base 12, what is -58 - -2?
-56
In base 11, what is 959 + -1?
958
In base 7, what is 2126 - -4?
2133
In base 13, what is -7 - -7?
0
In base 7, what is -52 - 60?
-142
In base 6, what is 514 + 3?
521
In base 9, what is 7 - 62?
-54
In base 12, what is -187 + -1?
-188
In base 11, what is -43 + 7?
-37
In base 14, what is -512 + 3?
-50d
In base 15, what is -1 + 4d4?
4d3
In base 14, what is 20 + -1?
1d
In base 9, what is 5 - -64?
70
In base 13, what is -3a63 - 4?
-3a67
In base 6, what is -151 + -102?
-253
In base 15, what is 0 - -3a?
3a
In base 10, what is -5 + 909?
904
In base 14, what is -5 + -2c7?
-2cc
In base 14, what is 7 - 4?
3
In base 4, what is -3 - -23201?
23132
In base 11, what is -119 + 1?
-118
In base 15, what is -1 + 83?
82
In base 11, what is -9 + -338?
-346
In base 14, what is -1 + -4a?
-4b
In base 13, what is -4 - 12?
-16
In base 5, what is -2330 - 2?
-2332
In base 2, what is -10 + -1111001010?
-1111001100
In base 2, what is 10000110011 - 100?
10000101111
In base 15, what is 4 + -123?
-11e
In base 11, what is 10 - 49?
-39
In base 5, what is -141 + -204?
-400
In base 11, what is 11 - -2a1?
302
In base 15, what is 464 - 5?
45e
In base 15, what is -55e + 4?
-55a
In base 11, what is 3 + -a3?
-a0
In base 12, what is 650 + -1?
64b
In base 10, what is -1 - -68?
67
In base 11, what is -36 + -12?
-48
In base 5, what is 344 + 12?
411
In base 4, what is -2022 - 1?
-2023
In base 5, what is 30 - 1400?
-1320
In base 6, what is -413 - -214?
-155
In base 11, what is 15 + 14?
29
In base 15, what is -2d + c?
-21
In base 12, what is -213 + 7?
-208
In base 14, what is -40 + 77?
37
In base 9, what is 3 + -1672?
-1668
In base 7, what is -45 - 14?
-62
In base 6, what is 23 - -100?
123
In base 5, what is -4341 + 0?
-4341
In base 8, what is 3 + -211?
-206
In base 15, what is 0 - -26?
26
In base 7, what is -1056 - -12?
-1044
In base 15, what is 4 - 2e?
-2a
In base 7, what is -2 - 5?
-10
In base 11, what is -6 - 218?
-223
In base 4, what is -1 + 2131?
2130
In base 2, what is -1001 + -10110?
-11111
In base 4, what is -1301 - 10?
-1311
In base 5, what is 12 + -3?
4
In base 3, what is -1101111 + -12?
-1101200
In base 11, what is -22 - -5?
-18
In base 12, what is 10 - -1?
11
In base 12, what is bb43 + -2?
bb41
In base 10, what is 58 + 2?
60
In base 13, what is 65b + -2?
659
In base 12, what is 0 + 11?
11
In base 7, what is -3 + 3442?
3436
In base 11, what is -13 - -78?
65
In base 11, what is -4 + -138?
-141
In base 2, what is 1 + 1101?
1110
In base 12, what is -1 + 1559?
1558
In base 15, what is -150 - 3?
-153
In base 14, what is -17 + 5?
-12
In base 5, what is -1 - 3332?
-3333
In base 10, what is 5 - 49?
-44
In base 8, what is -13 + 3505?
3472
In base 9, what is -34 + 164?
130
In base 15, what is 26e9 + 0?
26e9
In base 11, what is 21 + 1?
22
In base 8, what is -5 - 73?
-100
In base 16, what is 2b + -1c?
f
In base 8, what is 3744 + -1?
3743
In base 14, what is -1 - -17?
16
In base 15, what is 171 + -1?
170
In base 16, what is -2aaf - -5?
-2aaa
In base 9, what is -25 - 283?
-318
In base 12, what is a8 + -39?
6b
In base 10, what is 322 - -4?
326
In base 15, what is e + 42?
51
In bas